{"id":138812,"date":"2025-10-31T13:46:21","date_gmt":"2025-10-31T13:46:21","guid":{"rendered":"https:\/\/montecoppe.it\/prodotti\/non%20class\u00e9\/gewurztraminer-res-2014\/"},"modified":"2026-09-03T14:00:56","modified_gmt":"2026-09-03T14:00:56","slug":"gewurztraminer-res-2014","status":"publish","type":"product","link":"https:\/\/montecoppe.it\/fr\/prodotti\/grands-vins\/gewurztraminer-res-2014\/","title":{"rendered":"Gewurztraminer Res. 2014"},"content":{"rendered":"<p>Le gew\u00fcrztraminer, c\u00e9page aromatique originaire de Termeno (Tramin), est r\u00e9put\u00e9 pour ses ar\u00f4mes intenses et \u00e9pic\u00e9s. En Italie, il produit ses meilleurs vins dans le Haut-Adige\u00a0: des vins dor\u00e9s, souples et aromatiques aux notes de litchi, de fruits exotiques, de fleurs et d\u2019herbes. M\u00eame sans \u00e9levage en f\u00fbt de ch\u00eane, il r\u00e9v\u00e8le une structure et une fra\u00eecheur min\u00e9rale remarquables. Dans ses versions vendanges tardives avec pourriture noble, il atteint des sommets de complexit\u00e9, de douceur et de finesse parmi les plus \u00e9lev\u00e9s d\u2019Europe.<\/p>\n","protected":false},"excerpt":{"rendered":"<p>Le Domaine Weinbach, domaine alsacien historique fond\u00e9 par des moines capucins en 1612, se situe au pied du Grand Cru Schlossberg. Apr\u00e8s Th\u00e9o Faller, la direction du domaine passa \u00e0 son \u00e9pouse Colette et \u00e0 leurs filles, puis \u00e0 Catherine et \u00e0 son fils Th\u00e9o Leiber-Faller. Depuis 1998, le domaine pratique une viticulture biodynamique certifi\u00e9e, avec des fermentations spontan\u00e9es en f\u00fbts de ch\u00eane et une intervention minimale depuis 2010. Ses vins, concentr\u00e9s et fruit\u00e9s avec des notes sucr\u00e9es, sont parmi les plus r\u00e9put\u00e9s d&rsquo;Alsace.<\/p>\n","protected":false},"featured_media":133929,"template":"","meta":{"rs_blank_template":"","rs_page_bg_color":"","slide_template_v7":""},"product_brand":[],"product_cat":[482],"product_tag":[],"class_list":["post-138812","product","type-product","status-publish","has-post-thumbnail","product_cat-grands-vins","first","instock","taxable","shipping-taxable","purchasable","product-type-simple"],"bundled_by":[],"bundle_stock_status":"instock","bundle_stock_quantity":2,"bundle_virtual":false,"bundle_layout":"","bundle_add_to_cart_form_location":"","bundle_editable_in_cart":false,"bundle_sold_individually_context":"","bundle_item_grouping":"","bundle_min_size":"","bundle_max_size":"","bundle_price":[],"bundled_items":[],"bundle_sell_ids":[],"yoast_head":"<!-- This site is optimized with the Yoast SEO plugin v28.4 - https:\/\/yoast.com\/product\/yoast-seo-wordpress\/ -->\n<title>Gewurztraminer Res. 2014 - MONTECOPPE<\/title>\n<meta name=\"robots\" content=\"index, follow, max-snippet:-1, max-image-preview:large, max-video-preview:-1\" \/>\n<link rel=\"canonical\" href=\"https:\/\/montecoppe.it\/fr\/prodotti\/grands-vins\/gewurztraminer-res-2014\/\" \/>\n<meta property=\"og:locale\" content=\"fr_FR\" \/>\n<meta property=\"og:type\" content=\"article\" \/>\n<meta property=\"og:title\" content=\"Gewurztraminer Res. 2014 - MONTECOPPE\" \/>\n<meta property=\"og:description\" content=\"Le Domaine Weinbach, domaine alsacien historique fond\u00e9 par des moines capucins en 1612, se situe au pied du Grand Cru Schlossberg. Apr\u00e8s Th\u00e9o Faller, la direction du domaine passa \u00e0 son \u00e9pouse Colette et \u00e0 leurs filles, puis \u00e0 Catherine et \u00e0 son fils Th\u00e9o Leiber-Faller. Depuis 1998, le domaine pratique une viticulture biodynamique certifi\u00e9e, avec des fermentations spontan\u00e9es en f\u00fbts de ch\u00eane et une intervention minimale depuis 2010. Ses vins, concentr\u00e9s et fruit\u00e9s avec des notes sucr\u00e9es, sont parmi les plus r\u00e9put\u00e9s d&#039;Alsace.\" \/>\n<meta property=\"og:url\" content=\"https:\/\/montecoppe.it\/fr\/prodotti\/grands-vins\/gewurztraminer-res-2014\/\" \/>\n<meta property=\"og:site_name\" content=\"MONTECOPPE\" \/>\n<meta property=\"article:publisher\" content=\"https:\/\/www.facebook.com\/caseificiomontecoppe\" \/>\n<meta property=\"article:modified_time\" content=\"2026-09-03T14:00:56+00:00\" \/>\n<meta property=\"og:image\" content=\"https:\/\/montecoppe.it\/wp-content\/uploads\/2025\/10\/Gewurztraminer.png\" \/>\n\t<meta property=\"og:image:width\" content=\"500\" \/>\n\t<meta property=\"og:image:height\" content=\"500\" \/>\n\t<meta property=\"og:image:type\" content=\"image\/png\" \/>\n<meta name=\"twitter:card\" content=\"summary_large_image\" \/>\n<script type=\"application\/ld+json\" class=\"yoast-schema-graph\">{\"@context\":\"https:\\\/\\\/schema.org\",\"@graph\":[{\"@type\":\"WebPage\",\"@id\":\"https:\\\/\\\/montecoppe.it\\\/fr\\\/prodotti\\\/grands-vins\\\/gewurztraminer-res-2014\\\/\",\"url\":\"https:\\\/\\\/montecoppe.it\\\/fr\\\/prodotti\\\/grands-vins\\\/gewurztraminer-res-2014\\\/\",\"name\":\"Gewurztraminer Res. 2014 - MONTECOPPE\",\"isPartOf\":{\"@id\":\"https:\\\/\\\/montecoppe.it\\\/fr\\\/#website\"},\"primaryImageOfPage\":{\"@id\":\"https:\\\/\\\/montecoppe.it\\\/fr\\\/prodotti\\\/grands-vins\\\/gewurztraminer-res-2014\\\/#primaryimage\"},\"image\":{\"@id\":\"https:\\\/\\\/montecoppe.it\\\/fr\\\/prodotti\\\/grands-vins\\\/gewurztraminer-res-2014\\\/#primaryimage\"},\"thumbnailUrl\":\"https:\\\/\\\/montecoppe.it\\\/wp-content\\\/uploads\\\/2025\\\/10\\\/Gewurztraminer.png\",\"datePublished\":\"2025-10-31T13:46:21+00:00\",\"dateModified\":\"2026-09-03T14:00:56+00:00\",\"breadcrumb\":{\"@id\":\"https:\\\/\\\/montecoppe.it\\\/fr\\\/prodotti\\\/grands-vins\\\/gewurztraminer-res-2014\\\/#breadcrumb\"},\"inLanguage\":\"fr-FR\",\"potentialAction\":[{\"@type\":\"ReadAction\",\"target\":[\"https:\\\/\\\/montecoppe.it\\\/fr\\\/prodotti\\\/grands-vins\\\/gewurztraminer-res-2014\\\/\"]}]},{\"@type\":\"ImageObject\",\"inLanguage\":\"fr-FR\",\"@id\":\"https:\\\/\\\/montecoppe.it\\\/fr\\\/prodotti\\\/grands-vins\\\/gewurztraminer-res-2014\\\/#primaryimage\",\"url\":\"https:\\\/\\\/montecoppe.it\\\/wp-content\\\/uploads\\\/2025\\\/10\\\/Gewurztraminer.png\",\"contentUrl\":\"https:\\\/\\\/montecoppe.it\\\/wp-content\\\/uploads\\\/2025\\\/10\\\/Gewurztraminer.png\",\"width\":500,\"height\":500},{\"@type\":\"BreadcrumbList\",\"@id\":\"https:\\\/\\\/montecoppe.it\\\/fr\\\/prodotti\\\/grands-vins\\\/gewurztraminer-res-2014\\\/#breadcrumb\",\"itemListElement\":[{\"@type\":\"ListItem\",\"position\":1,\"name\":\"Home\",\"item\":\"https:\\\/\\\/montecoppe.it\\\/fr\\\/\"},{\"@type\":\"ListItem\",\"position\":2,\"name\":\"Produits\",\"item\":\"https:\\\/\\\/montecoppe.it\\\/fr\\\/produits\\\/\"},{\"@type\":\"ListItem\",\"position\":3,\"name\":\"Gewurztraminer Res. 2014\"}]},{\"@type\":\"WebSite\",\"@id\":\"https:\\\/\\\/montecoppe.it\\\/fr\\\/#website\",\"url\":\"https:\\\/\\\/montecoppe.it\\\/fr\\\/\",\"name\":\"MONTECOPPE\",\"description\":\"Caseificio\",\"publisher\":{\"@id\":\"https:\\\/\\\/montecoppe.it\\\/fr\\\/#organization\"},\"potentialAction\":[{\"@type\":\"SearchAction\",\"target\":{\"@type\":\"EntryPoint\",\"urlTemplate\":\"https:\\\/\\\/montecoppe.it\\\/fr\\\/?s={search_term_string}\"},\"query-input\":{\"@type\":\"PropertyValueSpecification\",\"valueRequired\":true,\"valueName\":\"search_term_string\"}}],\"inLanguage\":\"fr-FR\"},{\"@type\":\"Organization\",\"@id\":\"https:\\\/\\\/montecoppe.it\\\/fr\\\/#organization\",\"name\":\"Montecoppe\",\"url\":\"https:\\\/\\\/montecoppe.it\\\/fr\\\/\",\"logo\":{\"@type\":\"ImageObject\",\"inLanguage\":\"fr-FR\",\"@id\":\"https:\\\/\\\/montecoppe.it\\\/fr\\\/#\\\/schema\\\/logo\\\/image\\\/\",\"url\":\"http:\\\/\\\/montecoppe.it\\\/wp-content\\\/uploads\\\/2022\\\/05\\\/monte-coppe-marchiocolori.jpg\",\"contentUrl\":\"http:\\\/\\\/montecoppe.it\\\/wp-content\\\/uploads\\\/2022\\\/05\\\/monte-coppe-marchiocolori.jpg\",\"width\":300,\"height\":368,\"caption\":\"Montecoppe\"},\"image\":{\"@id\":\"https:\\\/\\\/montecoppe.it\\\/fr\\\/#\\\/schema\\\/logo\\\/image\\\/\"},\"sameAs\":[\"https:\\\/\\\/www.facebook.com\\\/caseificiomontecoppe\",\"https:\\\/\\\/www.instagram.com\\\/caseificiomontecoppe\\\/\"]}]}<\/script>\n<!-- \/ Yoast SEO plugin. -->","yoast_head_json":{"title":"Gewurztraminer Res. 2014 - MONTECOPPE","robots":{"index":"index","follow":"follow","max-snippet":"max-snippet:-1","max-image-preview":"max-image-preview:large","max-video-preview":"max-video-preview:-1"},"canonical":"https:\/\/montecoppe.it\/fr\/prodotti\/grands-vins\/gewurztraminer-res-2014\/","og_locale":"fr_FR","og_type":"article","og_title":"Gewurztraminer Res. 2014 - MONTECOPPE","og_description":"Le Domaine Weinbach, domaine alsacien historique fond\u00e9 par des moines capucins en 1612, se situe au pied du Grand Cru Schlossberg. Apr\u00e8s Th\u00e9o Faller, la direction du domaine passa \u00e0 son \u00e9pouse Colette et \u00e0 leurs filles, puis \u00e0 Catherine et \u00e0 son fils Th\u00e9o Leiber-Faller. Depuis 1998, le domaine pratique une viticulture biodynamique certifi\u00e9e, avec des fermentations spontan\u00e9es en f\u00fbts de ch\u00eane et une intervention minimale depuis 2010. Ses vins, concentr\u00e9s et fruit\u00e9s avec des notes sucr\u00e9es, sont parmi les plus r\u00e9put\u00e9s d'Alsace.","og_url":"https:\/\/montecoppe.it\/fr\/prodotti\/grands-vins\/gewurztraminer-res-2014\/","og_site_name":"MONTECOPPE","article_publisher":"https:\/\/www.facebook.com\/caseificiomontecoppe","article_modified_time":"2026-09-03T14:00:56+00:00","og_image":[{"width":500,"height":500,"url":"https:\/\/montecoppe.it\/wp-content\/uploads\/2025\/10\/Gewurztraminer.png","type":"image\/png"}],"twitter_card":"summary_large_image","schema":{"@context":"https:\/\/schema.org","@graph":[{"@type":"WebPage","@id":"https:\/\/montecoppe.it\/fr\/prodotti\/grands-vins\/gewurztraminer-res-2014\/","url":"https:\/\/montecoppe.it\/fr\/prodotti\/grands-vins\/gewurztraminer-res-2014\/","name":"Gewurztraminer Res. 2014 - MONTECOPPE","isPartOf":{"@id":"https:\/\/montecoppe.it\/fr\/#website"},"primaryImageOfPage":{"@id":"https:\/\/montecoppe.it\/fr\/prodotti\/grands-vins\/gewurztraminer-res-2014\/#primaryimage"},"image":{"@id":"https:\/\/montecoppe.it\/fr\/prodotti\/grands-vins\/gewurztraminer-res-2014\/#primaryimage"},"thumbnailUrl":"https:\/\/montecoppe.it\/wp-content\/uploads\/2025\/10\/Gewurztraminer.png","datePublished":"2025-10-31T13:46:21+00:00","dateModified":"2026-09-03T14:00:56+00:00","breadcrumb":{"@id":"https:\/\/montecoppe.it\/fr\/prodotti\/grands-vins\/gewurztraminer-res-2014\/#breadcrumb"},"inLanguage":"fr-FR","potentialAction":[{"@type":"ReadAction","target":["https:\/\/montecoppe.it\/fr\/prodotti\/grands-vins\/gewurztraminer-res-2014\/"]}]},{"@type":"ImageObject","inLanguage":"fr-FR","@id":"https:\/\/montecoppe.it\/fr\/prodotti\/grands-vins\/gewurztraminer-res-2014\/#primaryimage","url":"https:\/\/montecoppe.it\/wp-content\/uploads\/2025\/10\/Gewurztraminer.png","contentUrl":"https:\/\/montecoppe.it\/wp-content\/uploads\/2025\/10\/Gewurztraminer.png","width":500,"height":500},{"@type":"BreadcrumbList","@id":"https:\/\/montecoppe.it\/fr\/prodotti\/grands-vins\/gewurztraminer-res-2014\/#breadcrumb","itemListElement":[{"@type":"ListItem","position":1,"name":"Home","item":"https:\/\/montecoppe.it\/fr\/"},{"@type":"ListItem","position":2,"name":"Produits","item":"https:\/\/montecoppe.it\/fr\/produits\/"},{"@type":"ListItem","position":3,"name":"Gewurztraminer Res. 2014"}]},{"@type":"WebSite","@id":"https:\/\/montecoppe.it\/fr\/#website","url":"https:\/\/montecoppe.it\/fr\/","name":"MONTECOPPE","description":"Caseificio","publisher":{"@id":"https:\/\/montecoppe.it\/fr\/#organization"},"potentialAction":[{"@type":"SearchAction","target":{"@type":"EntryPoint","urlTemplate":"https:\/\/montecoppe.it\/fr\/?s={search_term_string}"},"query-input":{"@type":"PropertyValueSpecification","valueRequired":true,"valueName":"search_term_string"}}],"inLanguage":"fr-FR"},{"@type":"Organization","@id":"https:\/\/montecoppe.it\/fr\/#organization","name":"Montecoppe","url":"https:\/\/montecoppe.it\/fr\/","logo":{"@type":"ImageObject","inLanguage":"fr-FR","@id":"https:\/\/montecoppe.it\/fr\/#\/schema\/logo\/image\/","url":"http:\/\/montecoppe.it\/wp-content\/uploads\/2022\/05\/monte-coppe-marchiocolori.jpg","contentUrl":"http:\/\/montecoppe.it\/wp-content\/uploads\/2022\/05\/monte-coppe-marchiocolori.jpg","width":300,"height":368,"caption":"Montecoppe"},"image":{"@id":"https:\/\/montecoppe.it\/fr\/#\/schema\/logo\/image\/"},"sameAs":["https:\/\/www.facebook.com\/caseificiomontecoppe","https:\/\/www.instagram.com\/caseificiomontecoppe\/"]}]}},"_links":{"self":[{"href":"https:\/\/montecoppe.it\/fr\/wp-json\/wp\/v2\/product\/138812","targetHints":{"allow":["GET"]}}],"collection":[{"href":"https:\/\/montecoppe.it\/fr\/wp-json\/wp\/v2\/product"}],"about":[{"href":"https:\/\/montecoppe.it\/fr\/wp-json\/wp\/v2\/types\/product"}],"wp:featuredmedia":[{"embeddable":true,"href":"https:\/\/montecoppe.it\/fr\/wp-json\/wp\/v2\/media\/133929"}],"wp:attachment":[{"href":"https:\/\/montecoppe.it\/fr\/wp-json\/wp\/v2\/media?parent=138812"}],"wp:term":[{"taxonomy":"product_brand","embeddable":true,"href":"https:\/\/montecoppe.it\/fr\/wp-json\/wp\/v2\/product_brand?post=138812"},{"taxonomy":"product_cat","embeddable":true,"href":"https:\/\/montecoppe.it\/fr\/wp-json\/wp\/v2\/product_cat?post=138812"},{"taxonomy":"product_tag","embeddable":true,"href":"https:\/\/montecoppe.it\/fr\/wp-json\/wp\/v2\/product_tag?post=138812"}],"curies":[{"name":"wp","href":"https:\/\/api.w.org\/{rel}","templated":true}]}}

https://montecoppe.it/prodotti/non%20classé/gewurztraminer-res-2014/

<p>Le gewürztraminer, cépage aromatique originaire de Termeno (Tramin), est réputé pour ses arômes intenses et épicés. En Italie, il produit ses meilleurs vins dans le Haut-Adige : des vins dorés, souples et aromatiques aux notes de litchi, de fruits exotiques, de fleurs et d’herbes. Même sans élevage en fût de chêne, il révèle une structure et une fraîcheur minérale remarquables. Dans ses versions vendanges tardives avec pourriture noble, il atteint des sommets de complexité, de douceur et de finesse parmi les plus élevés d’Europe.</p>

<p>Le Domaine Weinbach, domaine alsacien historique fondé par des moines capucins en 1612, se situe au pied du Grand Cru Schlossberg. Après Théo Faller, la direction du domaine passa à son épouse Colette et à leurs filles, puis à Catherine et à son fils Théo Leiber-Faller. Depuis 1998, le domaine pratique une viticulture biodynamique certifiée, avec des fermentations spontanées en fûts de chêne et une intervention minimale depuis 2010. Ses vins, concentrés et fruités avec des notes sucrées, sont parmi les plus réputés d&rsquo;Alsace.</p>

<!-- This site is optimized with the Yoast SEO plugin v28.4 - https://yoast.com/product/yoast-seo-wordpress/ -->
<title>Gewurztraminer Res. 2014 - MONTECOPPE</title>
<meta name="robots" content="index, follow, max-snippet:-1, max-image-preview:large, max-video-preview:-1" />
<link rel="canonical" href="https://montecoppe.it/fr/prodotti/grands-vins/gewurztraminer-res-2014/" />
<meta property="og:locale" content="fr_FR" />
<meta property="og:type" content="article" />
<meta property="og:title" content="Gewurztraminer Res. 2014 - MONTECOPPE" />
<meta property="og:description" content="Le Domaine Weinbach, domaine alsacien historique fondé par des moines capucins en 1612, se situe au pied du Grand Cru Schlossberg. Après Théo Faller, la direction du domaine passa à son épouse Colette et à leurs filles, puis à Catherine et à son fils Théo Leiber-Faller. Depuis 1998, le domaine pratique une viticulture biodynamique certifiée, avec des fermentations spontanées en fûts de chêne et une intervention minimale depuis 2010. Ses vins, concentrés et fruités avec des notes sucrées, sont parmi les plus réputés d&#039;Alsace." />
<meta property="og:url" content="https://montecoppe.it/fr/prodotti/grands-vins/gewurztraminer-res-2014/" />
<meta property="og:site_name" content="MONTECOPPE" />
<meta property="article:publisher" content="https://www.facebook.com/caseificiomontecoppe" />
<meta property="article:modified_time" content="2026-09-03T14:00:56+00:00" />
<meta property="og:image" content="https://montecoppe.it/wp-content/uploads/2025/10/Gewurztraminer.png" />
	<meta property="og:image:width" content="500" />
	<meta property="og:image:height" content="500" />
	<meta property="og:image:type" content="image/png" />
<meta name="twitter:card" content="summary_large_image" />
<script type="application/ld+json" class="yoast-schema-graph">{"@context":"https:\/\/schema.org","@graph":[{"@type":"WebPage","@id":"https:\/\/montecoppe.it\/fr\/prodotti\/grands-vins\/gewurztraminer-res-2014\/","url":"https:\/\/montecoppe.it\/fr\/prodotti\/grands-vins\/gewurztraminer-res-2014\/","name":"Gewurztraminer Res. 2014 - MONTECOPPE","isPartOf":{"@id":"https:\/\/montecoppe.it\/fr\/#website"},"primaryImageOfPage":{"@id":"https:\/\/montecoppe.it\/fr\/prodotti\/grands-vins\/gewurztraminer-res-2014\/#primaryimage"},"image":{"@id":"https:\/\/montecoppe.it\/fr\/prodotti\/grands-vins\/gewurztraminer-res-2014\/#primaryimage"},"thumbnailUrl":"https:\/\/montecoppe.it\/wp-content\/uploads\/2025\/10\/Gewurztraminer.png","datePublished":"2025-10-31T13:46:21+00:00","dateModified":"2026-09-03T14:00:56+00:00","breadcrumb":{"@id":"https:\/\/montecoppe.it\/fr\/prodotti\/grands-vins\/gewurztraminer-res-2014\/#breadcrumb"},"inLanguage":"fr-FR","potentialAction":[{"@type":"ReadAction","target":["https:\/\/montecoppe.it\/fr\/prodotti\/grands-vins\/gewurztraminer-res-2014\/"]}]},{"@type":"ImageObject","inLanguage":"fr-FR","@id":"https:\/\/montecoppe.it\/fr\/prodotti\/grands-vins\/gewurztraminer-res-2014\/#primaryimage","url":"https:\/\/montecoppe.it\/wp-content\/uploads\/2025\/10\/Gewurztraminer.png","contentUrl":"https:\/\/montecoppe.it\/wp-content\/uploads\/2025\/10\/Gewurztraminer.png","width":500,"height":500},{"@type":"BreadcrumbList","@id":"https:\/\/montecoppe.it\/fr\/prodotti\/grands-vins\/gewurztraminer-res-2014\/#breadcrumb","itemListElement":[{"@type":"ListItem","position":1,"name":"Home","item":"https:\/\/montecoppe.it\/fr\/"},{"@type":"ListItem","position":2,"name":"Produits","item":"https:\/\/montecoppe.it\/fr\/produits\/"},{"@type":"ListItem","position":3,"name":"Gewurztraminer Res. 2014"}]},{"@type":"WebSite","@id":"https:\/\/montecoppe.it\/fr\/#website","url":"https:\/\/montecoppe.it\/fr\/","name":"MONTECOPPE","description":"Caseificio","publisher":{"@id":"https:\/\/montecoppe.it\/fr\/#organization"},"potentialAction":[{"@type":"SearchAction","target":{"@type":"EntryPoint","urlTemplate":"https:\/\/montecoppe.it\/fr\/?s={search_term_string}"},"query-input":{"@type":"PropertyValueSpecification","valueRequired":true,"valueName":"search_term_string"}}],"inLanguage":"fr-FR"},{"@type":"Organization","@id":"https:\/\/montecoppe.it\/fr\/#organization","name":"Montecoppe","url":"https:\/\/montecoppe.it\/fr\/","logo":{"@type":"ImageObject","inLanguage":"fr-FR","@id":"https:\/\/montecoppe.it\/fr\/#\/schema\/logo\/image\/","url":"http:\/\/montecoppe.it\/wp-content\/uploads\/2022\/05\/monte-coppe-marchiocolori.jpg","contentUrl":"http:\/\/montecoppe.it\/wp-content\/uploads\/2022\/05\/monte-coppe-marchiocolori.jpg","width":300,"height":368,"caption":"Montecoppe"},"image":{"@id":"https:\/\/montecoppe.it\/fr\/#\/schema\/logo\/image\/"},"sameAs":["https:\/\/www.facebook.com\/caseificiomontecoppe","https:\/\/www.instagram.com\/caseificiomontecoppe\/"]}]}</script>
<!-- / Yoast SEO plugin. -->

Le Domaine Weinbach, domaine alsacien historique fondé par des moines capucins en 1612, se situe au pied du Grand Cru Schlossberg. Après Théo Faller, la direction du domaine passa à son épouse Colette et à leurs filles, puis à Catherine et à son fils Théo Leiber-Faller. Depuis 1998, le domaine pratique une viticulture biodynamique certifiée, avec des fermentations spontanées en fûts de chêne et une intervention minimale depuis 2010. Ses vins, concentrés et fruités avec des notes sucrées, sont parmi les plus réputés d'Alsace.
