{"id":138813,"date":"2025-10-31T13:46:21","date_gmt":"2025-10-31T13:46:21","guid":{"rendered":"https:\/\/montecoppe.it\/prodotti\/unkategorisiert\/gewurztraminer-res-2014\/"},"modified":"2026-09-03T13:59:15","modified_gmt":"2026-09-03T13:59:15","slug":"gewurztraminer-res-2014","status":"publish","type":"product","link":"https:\/\/montecoppe.it\/de\/prodotti\/erlesene-weine\/gewurztraminer-res-2014\/","title":{"rendered":"Gewurztraminer Res. 2014"},"content":{"rendered":"<p data-start=\"648\" data-end=\"868\" data-is-last-node=\"\" data-is-only-node=\"\">Il <strong data-start=\"3\" data-end=\"21\">Gew\u00fcrztraminer<\/strong>, vitigno aromatico originario di <strong data-start=\"55\" data-end=\"75\">Termeno (Tramin)<\/strong>, \u00e8 celebre per i suoi profumi intensi e speziati. In Italia d\u00e0 i risultati migliori in <strong data-start=\"163\" data-end=\"177\">Alto Adige<\/strong>, con vini <strong data-start=\"188\" data-end=\"219\">dorati, morbidi e aromatici<\/strong>, dalle note di <strong data-start=\"235\" data-end=\"276\">litchi, frutta esotica, fiori ed erbe<\/strong>. Anche senza legno, mostra struttura e freschezza minerale. Nelle versioni <strong data-start=\"352\" data-end=\"393\">da vendemmia tardiva con muffa nobile<\/strong>, raggiunge vette di <strong data-start=\"414\" data-end=\"449\">complessit\u00e0, dolcezza e finezza<\/strong> tra le pi\u00f9 alte d\u2019Europa.<\/p>\n<p>&nbsp;<\/p>\n","protected":false},"excerpt":{"rendered":"<p>Domaine Weinbach, storica cantina alsaziana fondata dai monaci cappuccini nel 1612, sorge ai piedi del Grand Cru Schlossberg. Dopo Th\u00e9o Faller, la guida \u00e8 passata alla moglie Colette e alle figlie, fino a Catherine e al figlio Th\u00e9o Leiber-Faller. Dal 1998 pratica viticoltura biodinamica certificata dal 2010, con fermentazioni spontanee in botti di rovere e interventi minimi. I suoi vini, concentrati e fruttati con tocchi di dolcezza, sono tra i pi\u00f9 rinomati dell\u2019Alsazia.<\/p>\n","protected":false},"featured_media":133930,"template":"","meta":{"rs_blank_template":"","rs_page_bg_color":"","slide_template_v7":""},"product_brand":[],"product_cat":[483],"product_tag":[],"class_list":["post-138813","product","type-product","status-publish","has-post-thumbnail","product_cat-erlesene-weine","first","instock","taxable","shipping-taxable","purchasable","product-type-simple"],"bundled_by":[],"bundle_stock_status":"instock","bundle_stock_quantity":2,"bundle_virtual":false,"bundle_layout":"","bundle_add_to_cart_form_location":"","bundle_editable_in_cart":false,"bundle_sold_individually_context":"","bundle_item_grouping":"","bundle_min_size":"","bundle_max_size":"","bundle_price":[],"bundled_items":[],"bundle_sell_ids":[],"yoast_head":"<!-- This site is optimized with the Yoast SEO plugin v28.4 - https:\/\/yoast.com\/product\/yoast-seo-wordpress\/ -->\n<title>Gewurztraminer Res. 2014 - MONTECOPPE<\/title>\n<meta name=\"robots\" content=\"index, follow, max-snippet:-1, max-image-preview:large, max-video-preview:-1\" \/>\n<link rel=\"canonical\" href=\"https:\/\/montecoppe.it\/de\/prodotti\/erlesene-weine\/gewurztraminer-res-2014\/\" \/>\n<meta property=\"og:locale\" content=\"de_DE\" \/>\n<meta property=\"og:type\" content=\"article\" \/>\n<meta property=\"og:title\" content=\"Gewurztraminer Res. 2014 - MONTECOPPE\" \/>\n<meta property=\"og:description\" content=\"Domaine Weinbach, storica cantina alsaziana fondata dai monaci cappuccini nel 1612, sorge ai piedi del Grand Cru Schlossberg. Dopo Th\u00e9o Faller, la guida \u00e8 passata alla moglie Colette e alle figlie, fino a Catherine e al figlio Th\u00e9o Leiber-Faller. Dal 1998 pratica viticoltura biodinamica certificata dal 2010, con fermentazioni spontanee in botti di rovere e interventi minimi. I suoi vini, concentrati e fruttati con tocchi di dolcezza, sono tra i pi\u00f9 rinomati dell\u2019Alsazia.\" \/>\n<meta property=\"og:url\" content=\"https:\/\/montecoppe.it\/de\/prodotti\/erlesene-weine\/gewurztraminer-res-2014\/\" \/>\n<meta property=\"og:site_name\" content=\"MONTECOPPE\" \/>\n<meta property=\"article:publisher\" content=\"https:\/\/www.facebook.com\/caseificiomontecoppe\" \/>\n<meta property=\"article:modified_time\" content=\"2026-09-03T13:59:15+00:00\" \/>\n<meta property=\"og:image\" content=\"https:\/\/montecoppe.it\/wp-content\/uploads\/2025\/10\/Gewurztraminer.png\" \/>\n\t<meta property=\"og:image:width\" content=\"500\" \/>\n\t<meta property=\"og:image:height\" content=\"500\" \/>\n\t<meta property=\"og:image:type\" content=\"image\/png\" \/>\n<meta name=\"twitter:card\" content=\"summary_large_image\" \/>\n<script type=\"application\/ld+json\" class=\"yoast-schema-graph\">{\"@context\":\"https:\\\/\\\/schema.org\",\"@graph\":[{\"@type\":\"WebPage\",\"@id\":\"https:\\\/\\\/montecoppe.it\\\/de\\\/prodotti\\\/erlesene-weine\\\/gewurztraminer-res-2014\\\/\",\"url\":\"https:\\\/\\\/montecoppe.it\\\/de\\\/prodotti\\\/erlesene-weine\\\/gewurztraminer-res-2014\\\/\",\"name\":\"Gewurztraminer Res. 2014 - MONTECOPPE\",\"isPartOf\":{\"@id\":\"https:\\\/\\\/montecoppe.it\\\/de\\\/#website\"},\"primaryImageOfPage\":{\"@id\":\"https:\\\/\\\/montecoppe.it\\\/de\\\/prodotti\\\/erlesene-weine\\\/gewurztraminer-res-2014\\\/#primaryimage\"},\"image\":{\"@id\":\"https:\\\/\\\/montecoppe.it\\\/de\\\/prodotti\\\/erlesene-weine\\\/gewurztraminer-res-2014\\\/#primaryimage\"},\"thumbnailUrl\":\"https:\\\/\\\/montecoppe.it\\\/wp-content\\\/uploads\\\/2025\\\/10\\\/Gewurztraminer.png\",\"datePublished\":\"2025-10-31T13:46:21+00:00\",\"dateModified\":\"2026-09-03T13:59:15+00:00\",\"breadcrumb\":{\"@id\":\"https:\\\/\\\/montecoppe.it\\\/de\\\/prodotti\\\/erlesene-weine\\\/gewurztraminer-res-2014\\\/#breadcrumb\"},\"inLanguage\":\"de\",\"potentialAction\":[{\"@type\":\"ReadAction\",\"target\":[\"https:\\\/\\\/montecoppe.it\\\/de\\\/prodotti\\\/erlesene-weine\\\/gewurztraminer-res-2014\\\/\"]}]},{\"@type\":\"ImageObject\",\"inLanguage\":\"de\",\"@id\":\"https:\\\/\\\/montecoppe.it\\\/de\\\/prodotti\\\/erlesene-weine\\\/gewurztraminer-res-2014\\\/#primaryimage\",\"url\":\"https:\\\/\\\/montecoppe.it\\\/wp-content\\\/uploads\\\/2025\\\/10\\\/Gewurztraminer.png\",\"contentUrl\":\"https:\\\/\\\/montecoppe.it\\\/wp-content\\\/uploads\\\/2025\\\/10\\\/Gewurztraminer.png\",\"width\":500,\"height\":500},{\"@type\":\"BreadcrumbList\",\"@id\":\"https:\\\/\\\/montecoppe.it\\\/de\\\/prodotti\\\/erlesene-weine\\\/gewurztraminer-res-2014\\\/#breadcrumb\",\"itemListElement\":[{\"@type\":\"ListItem\",\"position\":1,\"name\":\"Home\",\"item\":\"https:\\\/\\\/montecoppe.it\\\/de\\\/\"},{\"@type\":\"ListItem\",\"position\":2,\"name\":\"Produkte\",\"item\":\"https:\\\/\\\/montecoppe.it\\\/de\\\/shop\\\/\"},{\"@type\":\"ListItem\",\"position\":3,\"name\":\"Gewurztraminer Res. 2014\"}]},{\"@type\":\"WebSite\",\"@id\":\"https:\\\/\\\/montecoppe.it\\\/de\\\/#website\",\"url\":\"https:\\\/\\\/montecoppe.it\\\/de\\\/\",\"name\":\"MONTECOPPE\",\"description\":\"Caseificio\",\"publisher\":{\"@id\":\"https:\\\/\\\/montecoppe.it\\\/de\\\/#organization\"},\"potentialAction\":[{\"@type\":\"SearchAction\",\"target\":{\"@type\":\"EntryPoint\",\"urlTemplate\":\"https:\\\/\\\/montecoppe.it\\\/de\\\/?s={search_term_string}\"},\"query-input\":{\"@type\":\"PropertyValueSpecification\",\"valueRequired\":true,\"valueName\":\"search_term_string\"}}],\"inLanguage\":\"de\"},{\"@type\":\"Organization\",\"@id\":\"https:\\\/\\\/montecoppe.it\\\/de\\\/#organization\",\"name\":\"Montecoppe\",\"url\":\"https:\\\/\\\/montecoppe.it\\\/de\\\/\",\"logo\":{\"@type\":\"ImageObject\",\"inLanguage\":\"de\",\"@id\":\"https:\\\/\\\/montecoppe.it\\\/de\\\/#\\\/schema\\\/logo\\\/image\\\/\",\"url\":\"http:\\\/\\\/montecoppe.it\\\/wp-content\\\/uploads\\\/2022\\\/05\\\/monte-coppe-marchiocolori.jpg\",\"contentUrl\":\"http:\\\/\\\/montecoppe.it\\\/wp-content\\\/uploads\\\/2022\\\/05\\\/monte-coppe-marchiocolori.jpg\",\"width\":300,\"height\":368,\"caption\":\"Montecoppe\"},\"image\":{\"@id\":\"https:\\\/\\\/montecoppe.it\\\/de\\\/#\\\/schema\\\/logo\\\/image\\\/\"},\"sameAs\":[\"https:\\\/\\\/www.facebook.com\\\/caseificiomontecoppe\",\"https:\\\/\\\/www.instagram.com\\\/caseificiomontecoppe\\\/\"]}]}<\/script>\n<!-- \/ Yoast SEO plugin. -->","yoast_head_json":{"title":"Gewurztraminer Res. 2014 - MONTECOPPE","robots":{"index":"index","follow":"follow","max-snippet":"max-snippet:-1","max-image-preview":"max-image-preview:large","max-video-preview":"max-video-preview:-1"},"canonical":"https:\/\/montecoppe.it\/de\/prodotti\/erlesene-weine\/gewurztraminer-res-2014\/","og_locale":"de_DE","og_type":"article","og_title":"Gewurztraminer Res. 2014 - MONTECOPPE","og_description":"Domaine Weinbach, storica cantina alsaziana fondata dai monaci cappuccini nel 1612, sorge ai piedi del Grand Cru Schlossberg. Dopo Th\u00e9o Faller, la guida \u00e8 passata alla moglie Colette e alle figlie, fino a Catherine e al figlio Th\u00e9o Leiber-Faller. Dal 1998 pratica viticoltura biodinamica certificata dal 2010, con fermentazioni spontanee in botti di rovere e interventi minimi. I suoi vini, concentrati e fruttati con tocchi di dolcezza, sono tra i pi\u00f9 rinomati dell\u2019Alsazia.","og_url":"https:\/\/montecoppe.it\/de\/prodotti\/erlesene-weine\/gewurztraminer-res-2014\/","og_site_name":"MONTECOPPE","article_publisher":"https:\/\/www.facebook.com\/caseificiomontecoppe","article_modified_time":"2026-09-03T13:59:15+00:00","og_image":[{"width":500,"height":500,"url":"https:\/\/montecoppe.it\/wp-content\/uploads\/2025\/10\/Gewurztraminer.png","type":"image\/png"}],"twitter_card":"summary_large_image","schema":{"@context":"https:\/\/schema.org","@graph":[{"@type":"WebPage","@id":"https:\/\/montecoppe.it\/de\/prodotti\/erlesene-weine\/gewurztraminer-res-2014\/","url":"https:\/\/montecoppe.it\/de\/prodotti\/erlesene-weine\/gewurztraminer-res-2014\/","name":"Gewurztraminer Res. 2014 - MONTECOPPE","isPartOf":{"@id":"https:\/\/montecoppe.it\/de\/#website"},"primaryImageOfPage":{"@id":"https:\/\/montecoppe.it\/de\/prodotti\/erlesene-weine\/gewurztraminer-res-2014\/#primaryimage"},"image":{"@id":"https:\/\/montecoppe.it\/de\/prodotti\/erlesene-weine\/gewurztraminer-res-2014\/#primaryimage"},"thumbnailUrl":"https:\/\/montecoppe.it\/wp-content\/uploads\/2025\/10\/Gewurztraminer.png","datePublished":"2025-10-31T13:46:21+00:00","dateModified":"2026-09-03T13:59:15+00:00","breadcrumb":{"@id":"https:\/\/montecoppe.it\/de\/prodotti\/erlesene-weine\/gewurztraminer-res-2014\/#breadcrumb"},"inLanguage":"de","potentialAction":[{"@type":"ReadAction","target":["https:\/\/montecoppe.it\/de\/prodotti\/erlesene-weine\/gewurztraminer-res-2014\/"]}]},{"@type":"ImageObject","inLanguage":"de","@id":"https:\/\/montecoppe.it\/de\/prodotti\/erlesene-weine\/gewurztraminer-res-2014\/#primaryimage","url":"https:\/\/montecoppe.it\/wp-content\/uploads\/2025\/10\/Gewurztraminer.png","contentUrl":"https:\/\/montecoppe.it\/wp-content\/uploads\/2025\/10\/Gewurztraminer.png","width":500,"height":500},{"@type":"BreadcrumbList","@id":"https:\/\/montecoppe.it\/de\/prodotti\/erlesene-weine\/gewurztraminer-res-2014\/#breadcrumb","itemListElement":[{"@type":"ListItem","position":1,"name":"Home","item":"https:\/\/montecoppe.it\/de\/"},{"@type":"ListItem","position":2,"name":"Produkte","item":"https:\/\/montecoppe.it\/de\/shop\/"},{"@type":"ListItem","position":3,"name":"Gewurztraminer Res. 2014"}]},{"@type":"WebSite","@id":"https:\/\/montecoppe.it\/de\/#website","url":"https:\/\/montecoppe.it\/de\/","name":"MONTECOPPE","description":"Caseificio","publisher":{"@id":"https:\/\/montecoppe.it\/de\/#organization"},"potentialAction":[{"@type":"SearchAction","target":{"@type":"EntryPoint","urlTemplate":"https:\/\/montecoppe.it\/de\/?s={search_term_string}"},"query-input":{"@type":"PropertyValueSpecification","valueRequired":true,"valueName":"search_term_string"}}],"inLanguage":"de"},{"@type":"Organization","@id":"https:\/\/montecoppe.it\/de\/#organization","name":"Montecoppe","url":"https:\/\/montecoppe.it\/de\/","logo":{"@type":"ImageObject","inLanguage":"de","@id":"https:\/\/montecoppe.it\/de\/#\/schema\/logo\/image\/","url":"http:\/\/montecoppe.it\/wp-content\/uploads\/2022\/05\/monte-coppe-marchiocolori.jpg","contentUrl":"http:\/\/montecoppe.it\/wp-content\/uploads\/2022\/05\/monte-coppe-marchiocolori.jpg","width":300,"height":368,"caption":"Montecoppe"},"image":{"@id":"https:\/\/montecoppe.it\/de\/#\/schema\/logo\/image\/"},"sameAs":["https:\/\/www.facebook.com\/caseificiomontecoppe","https:\/\/www.instagram.com\/caseificiomontecoppe\/"]}]}},"_links":{"self":[{"href":"https:\/\/montecoppe.it\/de\/wp-json\/wp\/v2\/product\/138813","targetHints":{"allow":["GET"]}}],"collection":[{"href":"https:\/\/montecoppe.it\/de\/wp-json\/wp\/v2\/product"}],"about":[{"href":"https:\/\/montecoppe.it\/de\/wp-json\/wp\/v2\/types\/product"}],"wp:featuredmedia":[{"embeddable":true,"href":"https:\/\/montecoppe.it\/de\/wp-json\/wp\/v2\/media\/133930"}],"wp:attachment":[{"href":"https:\/\/montecoppe.it\/de\/wp-json\/wp\/v2\/media?parent=138813"}],"wp:term":[{"taxonomy":"product_brand","embeddable":true,"href":"https:\/\/montecoppe.it\/de\/wp-json\/wp\/v2\/product_brand?post=138813"},{"taxonomy":"product_cat","embeddable":true,"href":"https:\/\/montecoppe.it\/de\/wp-json\/wp\/v2\/product_cat?post=138813"},{"taxonomy":"product_tag","embeddable":true,"href":"https:\/\/montecoppe.it\/de\/wp-json\/wp\/v2\/product_tag?post=138813"}],"curies":[{"name":"wp","href":"https:\/\/api.w.org\/{rel}","templated":true}]}}

<p data-start="648" data-end="868" data-is-last-node="" data-is-only-node="">Il <strong data-start="3" data-end="21">Gewürztraminer</strong>, vitigno aromatico originario di <strong data-start="55" data-end="75">Termeno (Tramin)</strong>, è celebre per i suoi profumi intensi e speziati. In Italia dà i risultati migliori in <strong data-start="163" data-end="177">Alto Adige</strong>, con vini <strong data-start="188" data-end="219">dorati, morbidi e aromatici</strong>, dalle note di <strong data-start="235" data-end="276">litchi, frutta esotica, fiori ed erbe</strong>. Anche senza legno, mostra struttura e freschezza minerale. Nelle versioni <strong data-start="352" data-end="393">da vendemmia tardiva con muffa nobile</strong>, raggiunge vette di <strong data-start="414" data-end="449">complessità, dolcezza e finezza</strong> tra le più alte d’Europa.</p>
<p>&nbsp;</p>

<p>Domaine Weinbach, storica cantina alsaziana fondata dai monaci cappuccini nel 1612, sorge ai piedi del Grand Cru Schlossberg. Dopo Théo Faller, la guida è passata alla moglie Colette e alle figlie, fino a Catherine e al figlio Théo Leiber-Faller. Dal 1998 pratica viticoltura biodinamica certificata dal 2010, con fermentazioni spontanee in botti di rovere e interventi minimi. I suoi vini, concentrati e fruttati con tocchi di dolcezza, sono tra i più rinomati dell’Alsazia.</p>

<!-- This site is optimized with the Yoast SEO plugin v28.4 - https://yoast.com/product/yoast-seo-wordpress/ -->
<title>Gewurztraminer Res. 2014 - MONTECOPPE</title>
<meta name="robots" content="index, follow, max-snippet:-1, max-image-preview:large, max-video-preview:-1" />
<link rel="canonical" href="https://montecoppe.it/de/prodotti/erlesene-weine/gewurztraminer-res-2014/" />
<meta property="og:locale" content="de_DE" />
<meta property="og:type" content="article" />
<meta property="og:title" content="Gewurztraminer Res. 2014 - MONTECOPPE" />
<meta property="og:description" content="Domaine Weinbach, storica cantina alsaziana fondata dai monaci cappuccini nel 1612, sorge ai piedi del Grand Cru Schlossberg. Dopo Théo Faller, la guida è passata alla moglie Colette e alle figlie, fino a Catherine e al figlio Théo Leiber-Faller. Dal 1998 pratica viticoltura biodinamica certificata dal 2010, con fermentazioni spontanee in botti di rovere e interventi minimi. I suoi vini, concentrati e fruttati con tocchi di dolcezza, sono tra i più rinomati dell’Alsazia." />
<meta property="og:url" content="https://montecoppe.it/de/prodotti/erlesene-weine/gewurztraminer-res-2014/" />
<meta property="og:site_name" content="MONTECOPPE" />
<meta property="article:publisher" content="https://www.facebook.com/caseificiomontecoppe" />
<meta property="article:modified_time" content="2026-09-03T13:59:15+00:00" />
<meta property="og:image" content="https://montecoppe.it/wp-content/uploads/2025/10/Gewurztraminer.png" />
	<meta property="og:image:width" content="500" />
	<meta property="og:image:height" content="500" />
	<meta property="og:image:type" content="image/png" />
<meta name="twitter:card" content="summary_large_image" />
<script type="application/ld+json" class="yoast-schema-graph">{"@context":"https:\/\/schema.org","@graph":[{"@type":"WebPage","@id":"https:\/\/montecoppe.it\/de\/prodotti\/erlesene-weine\/gewurztraminer-res-2014\/","url":"https:\/\/montecoppe.it\/de\/prodotti\/erlesene-weine\/gewurztraminer-res-2014\/","name":"Gewurztraminer Res. 2014 - MONTECOPPE","isPartOf":{"@id":"https:\/\/montecoppe.it\/de\/#website"},"primaryImageOfPage":{"@id":"https:\/\/montecoppe.it\/de\/prodotti\/erlesene-weine\/gewurztraminer-res-2014\/#primaryimage"},"image":{"@id":"https:\/\/montecoppe.it\/de\/prodotti\/erlesene-weine\/gewurztraminer-res-2014\/#primaryimage"},"thumbnailUrl":"https:\/\/montecoppe.it\/wp-content\/uploads\/2025\/10\/Gewurztraminer.png","datePublished":"2025-10-31T13:46:21+00:00","dateModified":"2026-09-03T13:59:15+00:00","breadcrumb":{"@id":"https:\/\/montecoppe.it\/de\/prodotti\/erlesene-weine\/gewurztraminer-res-2014\/#breadcrumb"},"inLanguage":"de","potentialAction":[{"@type":"ReadAction","target":["https:\/\/montecoppe.it\/de\/prodotti\/erlesene-weine\/gewurztraminer-res-2014\/"]}]},{"@type":"ImageObject","inLanguage":"de","@id":"https:\/\/montecoppe.it\/de\/prodotti\/erlesene-weine\/gewurztraminer-res-2014\/#primaryimage","url":"https:\/\/montecoppe.it\/wp-content\/uploads\/2025\/10\/Gewurztraminer.png","contentUrl":"https:\/\/montecoppe.it\/wp-content\/uploads\/2025\/10\/Gewurztraminer.png","width":500,"height":500},{"@type":"BreadcrumbList","@id":"https:\/\/montecoppe.it\/de\/prodotti\/erlesene-weine\/gewurztraminer-res-2014\/#breadcrumb","itemListElement":[{"@type":"ListItem","position":1,"name":"Home","item":"https:\/\/montecoppe.it\/de\/"},{"@type":"ListItem","position":2,"name":"Produkte","item":"https:\/\/montecoppe.it\/de\/shop\/"},{"@type":"ListItem","position":3,"name":"Gewurztraminer Res. 2014"}]},{"@type":"WebSite","@id":"https:\/\/montecoppe.it\/de\/#website","url":"https:\/\/montecoppe.it\/de\/","name":"MONTECOPPE","description":"Caseificio","publisher":{"@id":"https:\/\/montecoppe.it\/de\/#organization"},"potentialAction":[{"@type":"SearchAction","target":{"@type":"EntryPoint","urlTemplate":"https:\/\/montecoppe.it\/de\/?s={search_term_string}"},"query-input":{"@type":"PropertyValueSpecification","valueRequired":true,"valueName":"search_term_string"}}],"inLanguage":"de"},{"@type":"Organization","@id":"https:\/\/montecoppe.it\/de\/#organization","name":"Montecoppe","url":"https:\/\/montecoppe.it\/de\/","logo":{"@type":"ImageObject","inLanguage":"de","@id":"https:\/\/montecoppe.it\/de\/#\/schema\/logo\/image\/","url":"http:\/\/montecoppe.it\/wp-content\/uploads\/2022\/05\/monte-coppe-marchiocolori.jpg","contentUrl":"http:\/\/montecoppe.it\/wp-content\/uploads\/2022\/05\/monte-coppe-marchiocolori.jpg","width":300,"height":368,"caption":"Montecoppe"},"image":{"@id":"https:\/\/montecoppe.it\/de\/#\/schema\/logo\/image\/"},"sameAs":["https:\/\/www.facebook.com\/caseificiomontecoppe","https:\/\/www.instagram.com\/caseificiomontecoppe\/"]}]}</script>
<!-- / Yoast SEO plugin. -->

Domaine Weinbach, storica cantina alsaziana fondata dai monaci cappuccini nel 1612, sorge ai piedi del Grand Cru Schlossberg. Dopo Théo Faller, la guida è passata alla moglie Colette e alle figlie, fino a Catherine e al figlio Théo Leiber-Faller. Dal 1998 pratica viticoltura biodinamica certificata dal 2010, con fermentazioni spontanee in botti di rovere e interventi minimi. I suoi vini, concentrati e fruttati con tocchi di dolcezza, sono tra i più rinomati dell’Alsazia.
